) = l**2 - 25*l - 155. Let y be o(-5). Give k(y).
9
Let h(i) = -i**3 + 3*i**2 + 5. Let a be -3 + (-2)/8 + (-1980)/(-240). What is h(a)?
-45
Let x(n) = 4*n**3 + 6*n**2 + 1. Let p be -4*((-23)/(-12) - 2/3). Let g(v) = v**3 + v**2. Let q(t) = p*g(t) + x(t). Calculate q(3).
-17
Let n(p) = -120*p + 44 + 48 + 41*p - 91. What is n(0)?
1
Let c(h) = 20*h + 5. Let k(o) = 2*o. Let l(r) = 2*c(r) - 18*k(r). Let f(g) = 3*g + 9. Let y(a) = -5*f(a) + 4*l(a). Let u be 7 - -3*4/(-12). Give y(u).
1
Let r(a) = -a + 4. Suppose -5*o = -5*x, -2*x = -2*o - o + 4. Suppose -x = -0*w - w. Suppose -4*z - 4 = w*n, 1 - 9 = 2*n. Calculate r(z).
1
Let q(a) = 59*a - 32*a - 36*a. Suppose -4*n + 89 = -5*c, 2*n - 19 - 18 = -5*c. Let u = n - 20. Calculate q(u).
-9
Let r(b) = b**2 + 5*b. Let z be r(-5). Let t = -567 - -571. Let l(k) = -k**3 - 41*k + 72*k - t - 32*k. Determine l(z).
-4
Let a(j) = -j - 6. Let y(l) = 7*l - 22. Let d be y(4). Suppose -21 = -5*x - d. Suppose k = -x + 8. Calculate a(k).
-11
Let b(i) be the first derivative of 1/3*i**3 + 42 + i**2 - 4*i. Calculate b(-3).
-1
Let t(f) be the first derivative of f**4/24 - 2*f**3/3 + f**2/2 - 1. Let r(g) be the second derivative of t(g). Let y be 13/455*-5*(-11 + -10). What is r(y)?
-1
Let l(t) = -30*t + 64. Let o(h) = -8. Let r(d) = -l(d) + o(d). What is r(2)?
-12
Let a be (-13 + (-49)/(-4))/(-1*1/12). Let h(r) = -2*r**2 + 22*r - 23. Determine h(a).
13
Suppose 12 = 5*y - 8. Suppose 0 = s + 4, -y*n = -2*n + 3*s - 2. Suppose -n = 19*u - 45. Let t(i) = -i**3 + 3*i**2 + i. Calculate t(u).
6
Let h(u) = 12*u - 6*u + 2*u - 6*u - 21. Let b be h(12). Let q(t) = 25 - 27 - 3*t + 2*t**2 + 0*t. Determine q(b).
7
Let k = 97 + -94. Let u(f) = f**3 + 9*f**2 - f - 5. Let s(p) = 2*p**3 + 19*p**2 - p - 9. Let w(y) = k*s(y) - 7*u(y). Give w(-6).
-16
Let s(o) = -114347 - 28*o + 114349 + 22*o. Suppose 0*j = -3*j + 3. Determine s(j).
-4
Let f(l) = l - 2. Let u(m) = 2*m**3 + m - 2. Let h be u(1). Let q be (h - 4) + 32 + (1 - 0). Suppose -33 = 5*k - k - 5*t, -q = 5*k + 5*t. What is f(k)?
-9
Let x(d) = d**2 - 2*d + 2. Let f be x(3). Let n(b) = 8660 - 4303 - 4350 - 5*b. Calculate n(f).
-18
Let p be 435/58 - 3/6. Let r(x) = -11*x + 3 - 2 + 8*x**3 + p + 10*x**2 - x**3 - 6*x**3. Calculate r(-11).
8
Let d = -5748 + 5746. Let q(f) = -f. Let y(n) = 15*n - 1. Let c(m) = q(m) + y(m). Give c(d).
-29
Let i(b) be the third derivative of -2*b**2 + 1/6*b**3 + 1/24*b**4 - 22 + 1/15*b**5 + 1/120*b**6 + 0*b. What is i(-3)?
7
Let g(o) = 44 - 90 + 50 + 8*o - 2*o**2. Suppose 5*j + 2*l + 171 = 204, 5*l = j + 15. What is g(j)?
-6
Let m(b) = b**3 + 15*b**2 + 15*b + 8. Suppose 20*o - 15*o = 350. Suppose 0 = 27*r - 32*r - o. Determine m(r).
-6
Let k(t) = 15*t**2 + 11*t + 1. Let s be k(-1). Let h(c) = -8*c + 36. What is h(s)?
-4
Suppose 4*l + 3*d = 3 + 20, -4*l + 28 = 4*d. Let u(p) = -l - 2 - 1 - p**2 + p + 5*p. Let o be -4*(3/(-1) - -2). Give u(o).
3
Let w(j) = -6*j**3 - 1. Let x(y) = -11*y**3 + 19*y**2 - 17*y + 64. Let l(z) = -2*w(z) + x(z). Give l(-20).
6
Let a(z) = z**2 + 9*z - 2. Let d be (-12)/(-42) - (1 - 288/21). Suppose -d = 3*b + 17. Give a(b).
8
Let j(l) = 50*l**2 - 103*l + 9. Let h be j(2). Suppose 0 = 4*u - 4*o, -o - 3 + 21 = 5*u. Let c(f) = -3*f - 4 + u + 6*f. Calculate c(h).
8
Suppose 15 = o + 2*l, 49*o = 50*o + l - 6. Let h(p) = -4*p**3 + 2*p**2 + p + 4. Let d(w) = 3*w**3 - w**2 - 2*w - 3. Let r(y) = -3*d(y) - 2*h(y). What is r(o)?
7
Let a(q) = 36*q + 280. Let l be a(-8). Let j(v) = -v**3 - 8*v**2 + 4. Give j(l).
4
Let r(q) = 131*q**2 + 142*q**2 - 272*q**2 - 11*q + 3. Let y(s) = s**3 + 13*s**2 + 22*s + 9. Let o be y(-11). What is r(o)?
-15
Let x(t) be the first derivative of t**4/4 + 3*t**3 - 9*t**2/2 - 12*t - 1039. Determine x(-5).
133
Let k(l) be the first derivative of -6*l + 0*l**2 + 1/4*l**4 - 5/3*l**3 - 109. Calculate k(5).
-6
Suppose z = 4*d + 20, -z = -2*z + d + 8. Let o(t) = 0*t - z + 1 - t + 2*t. Let x = 9269 + -9269. Calculate o(x).
-3
Let j(v) = -2163 + 4338 + 8*v - 2169 - 22*v - 33*v + 15*v**2. Give j(3).
0
Let n(i) = -i**3 + 9*i**2 - 16*i - 2. Let r be n(3). Let q(b) = 2 + 2*b + b + r*b - 3*b. Give q(-1).
-2
Suppose -39*o + 18 = -41*o. Let l be ((-15)/o - 2)*-9. Let k(j) be the third derivative of j**6/120 - j**5/15 + j**4/6 - 14*j**2. Determine k(l).
3
Let p = -15 + 26. Suppose 4*f - p = 13. Let d(s) = 3*s - 7 + 1 + 0. Give d(f).
12
Let d(y) = -3*y + 24. Let l be (0 + 1)/(4/20). Let m be d(l). Let j(k) = k**3 - 10*k**2 + 7*k + 14. Determine j(m).
-4
Suppose -2*q + 2*i = 6, 0 = 5*q + i - 3*i. Suppose 0 = -3*w - q*s + 76 + 18, 2*w - s - 58 = 0. Let l(h) = -h**2 - 24 + w - 17 + 10*h. Give l(9).
-2
Let c(j) = -1770*j**3 - 7*j**2 + j - 5*j + 1769*j**3 - 6 - 3*j. Let u = -21 - -33. Suppose 2*o + u = v + 2, v + 32 = -5*o. Determine c(o).
0
Let v(n) be the second derivative of -n**4/12 - 5*n**3/3 - 7*n**2/2 - 6944*n. Suppose -2*i = -0*i + 20. Determine v(i).
-7
Let r(q) = -3*q - 3. Let i be 5 - (-33)/(-7) - 1563/7. Let f = -220 - i. Give r(f).
-12
Let y = -46 - -70. Suppose 2*r + 4*x = -r - 8, 0 = r - 4*x - y. Let h(u) = -2*u - r*u**2 - 3 + 2*u**2 + 1 + 6*u. Calculate h(3).
-8
Suppose 0 = -j - 5*y + 56, -6*y + 3*y = j - 48. Suppose 0 = 2*k - n - 60, 0*n - 30 = -k - n. Let s = k - j. Let q(z) = z**2 + 6*z + 2. What is q(s)?
2
Let s(q) = q**3 + 1. Let b(m) = 6*m**3 - 7*m**2 - m + 2. Let n = -291 + 296. Let a(h) = n*s(h) - b(h). Calculate a(7).
10
Suppose -6*l + 31*l = -32*l + 342. Let x(h) = -h**3 + 6*h**2 - 4*h + 28. What is x(l)?
4
Let a(k) = -9*k**2 - 7*k**2 - 1349*k - k**2 + 2*k**2 + 1350*k. Let x = -2 + 1. Calculate a(x).
-16
Let d(x) = 12*x**2 + x**3 + 39*x - 6 + 9 - 72*x + 31*x. What is d(-12)?
27
Suppose -17*y = -63 + 29. Let r(z) = 9*z**2 + 13*z + 4. Let u be r(12). Let p(h) = h**y - 11*h + 3*h + u - 1451. Give p(7).
-2
Let h(b) be the third derivative of -b**5/60 + 7*b**4/24 + 7*b**3/6 + b**2. Let p be (2/(-10)*-3)/((-16)/240). Let o be 4/((-11 + 10)*6/p). What is h(o)?
13
Let l = -28 + 19. Let v(g) = 6*g + 27. Calculate v(l).
-27
Suppose -7*w + 3*w - 26 = 2*n, -3*w - 27 = -n. Suppose 4*g = 4*g - 4*g. Let m(v) = -15*v + g*v + 0*v - 5 + 14*v. Calculate m(w).
3
Let s(w) = 97 + 5*w + w**2 - 45 + 4*w - 45. Determine s(-9).
7
Let t(i) = -34*i - 235. Suppose -4*s + 3*b = 43, b = 94*s - 93*s + 12. What is t(s)?
3
Let k = 196 - 82. Suppose -c - 21 = j, 0 = -4*j + 3*c - k + 2. Let y be 8/(-10) + 1 - (-5)/j. Let z(i) = i - 16. Give z(y).
-16
Suppose -1033*j + 1032*j = 3. Let u be 3/j - (-9 - 0). Let a(y) = -y**3 + 7*y**2 + 8*y + 2. What is a(u)?
2
Let v(f) = -f**3 + 44*f**2 - 10*f + 15. Let t(m) = 8*m**2. Let z(o) = -4*t(o) + v(o). Determine z(11).
26
Let y(g) = -32 - 16*g + 5*g - 9*g + g**2 + 73 + 3*g. What is y(14)?
-1
Let w(j) = -16*j**2 - 1791*j + 114. Let x be w(-112). Let l(r) = -6*r + 3. Give l(x).
-9
Let h(l) = 23*l + 84. Let k(s) = -868*s - 5212. Let q be k(-6). Determine h(q).
-8
Let t = -63919 - -63923. Let a be (1 + 2)*1/3. Let x(c) = c**3 - 4*c**2 - 2*c - 2. Let y(h) = -1. Let w(l) = a*x(l) - 4*y(l). Calculate w(t).
-6
Let y = 71 - 116. Let d = y - -48. Suppose d*m + 34 = 40. Let p(q) = -q**2 + 2. What is p(m)?
-2
Let w(y) = 2*y**3 - 7*y**2 + 6*y - 6. Let p = 9469 - 9466. Give w(p).
3
Suppose -5*r = -r + 21*o + 252, 2*r + 4*o = -48. Let i(b) = -2*b**3 - 3 + b**3 + 2. Give i(r).
-1
Let k(y) = -y**2 + 10*y - 12. Let q(n) = 5*n - 10. Let m(v) = 27*v - 50. Let b(t) = 4*m(t) - 22*q(t). Let i be b(6). Give k(i).
4
Let a be (26/(-8))/(3/(-12)). Let i = 19 - a. Let d(f) = 20*f - 69*f + 22*f - 1 - 2 + 18*f + 18*f - f**2. What is d(i)?
15
Let b(k) be the first derivative of -k**2/2 - 6*k - 352. Let g be (-105)/20 - (-5 + 1)/16. What is b(g)?
-1
Suppose 0 = 210*c - 190*c + 100. Let i(a) be the third derivative of a**6/120 + a**5/12 + 37*a**2. Determine i(c).
0
Let q(c) = -2*c - 5*c**2 + c**3 - 2 - 7 + 3 - 2*c**3. Let a = 39 + -35. Suppose 5*i + 26 = -0*f - a*f, -f - 14 = 5*i. Give q(f).
-14
Suppose 3*z - 39 = -186. Let n = z + -35. Let y = n - -89. Let h(m) = -4*m + 2. Give h(y).
-18
Let x(b) = b**2 + 47*b - 1086. Let g be x(17). Let p(m) be the second derivative of 3*m**2 - 1/12*m**4 + g*m + 0 + 1/6*m**3. Determine p(5).
-14
Let j(f) be the first derivative of f**6/36 - f**5/60 - f**4/24 - 10*f**3/3 + f - 109. Let l(r) be the third derivative of 